factors of (25681/366)/(3/90).
5, 421
Let y = 65909 - 32300. What are the prime factors of y?
3, 17, 659
Suppose -3*p = 2*s - 5112, 4*s + 6*p - 2*p - 10224 = 0. Suppose r + s = 10*r. Let x = r + -174. List the prime factors of x.
2, 5, 11
Let v = -7391 + 13128. List the prime factors of v.
5737
Let m be 2636/(-12)*(-4 + 1). Let q = m - 46. List the prime factors of q.
613
Suppose -5*t + 174105 = -5*i, 2*t + i + 3172 = 72787. List the prime factors of t.
2, 3, 967
Let x be (1 + (-3)/3)/(-2 + 1). Suppose x = 23*c - 29*c + 18. Suppose u - c*u - 4*y = -360, 5*u - 876 = -4*y. What are the prime factors of u?
2, 43
Let l = 10253 - -4895. List the prime factors of l.
2, 7, 541
Suppose 2*y - 456201 = 3*l + 2*l, -y + 273720 = -3*l. What are the prime factors of 1/((-3)/1) - l/153?
2, 149
Let h be ((-1)/4)/(24/(-96)) + -381. Let b = 1447 + h. List the prime factors of b.
11, 97
Let y(x) = -3*x**2 - 10*x + 36. Let h be y(-6). What are the prime factors of 7/(-14)*h*17?
2, 3, 17
List the prime factors of -127*(-31 + 9 - -11).
11, 127
Let s(a) = -2*a**2 + 19*a - 48. Let w be s(11). Let r = w - -214. Let o = r + -84. What are the prime factors of o?
7
Let b = -70 + 57. Let w(z) = z**2 - 9*z + 3. Let o(k) = -4*k**2 + 28*k - 8. Let j(y) = -2*o(y) - 7*w(y). List the prime factors of j(b).
73
Let v(x) = -10*x + 48. Let u be v(4). Suppose 0 = u*y + 2446 + 1770. List the prime factors of 2/(-15) + y/(-15).
5, 7
List the prime factors of (-504)/(-20)*(102005/46 + -10).
3, 7, 883
Let g(q) = -32072*q - 5412. List the prime factors of g(-2).
2, 14683
Let k(q) = q**3 + 10*q**2 - 2. Let b be k(-10). Let i be ((-48)/18)/(b/3). Suppose f - 455 = -i*f - u, 2*f - 209 = 5*u. What are the prime factors of f?
2, 23
List the prime factors of (6/4)/(186/262012).
2113
Suppose -2*o = 3*v - 28, 2*v = 4*v + o - 18. Suppose -8 - 24 = -v*m. Suppose 8 = 3*u - m. What are the prime factors of u?
2
Let r(y) = -y**2 - 12*y - 38. Let c be r(-9). Let p(w) = w**2 - w - 24. List the prime factors of p(c).
2, 3
Let v = -132 - -227. Suppose -4*j - 3*b + v = 0, -11*j + 88 = -7*j - 4*b. List the prime factors of j.
23
Let x(l) = l**2 - 4*l + 9. Suppose -4*a + 62 = i, i + i + 84 = 5*a. Suppose 3*v + a + 5 = 0. List the prime factors of x(v).
2, 43
Let f be (-99)/(-6)*(-400)/(-6). Let w = f + -314. Suppose w = 7*x - 215. What are the prime factors of x?
11, 13
Let q(s) be the first derivative of -s**2/2 + 356*s + 211. List the prime factors of q(53).
3, 101
Suppose 3*x = -v + 34830, -7*v = -6*v - 3. List the prime factors of x.
13, 19, 47
Let z = -110 - -119. Suppose 213 + 1659 = z*y. List the prime factors of y.
2, 13
Let y be 0 + (-5)/((-10)/(-32)). Let t = 322 - 303. Let s = y + t. What are the prime factors of s?
3
Suppose 2*c - 96 = -4*h - 100, h + 10 = -5*c. Suppose -3*m + 5*i + 1150 = h, 5*i + 301 = m - 79. List the prime factors of m.
5, 7, 11
Suppose -7631*z + 7644*z - 7553 = 0. What are the prime factors of z?
7, 83
Let q(p) = -49*p**3 - 2*p**2 + 6*p - 12. Let b be q(3). Let c = -411 - b. List the prime factors of c.
2, 3, 7, 11
Let f be 27/(-2)*4720/(-60). Let m = f - 392. List the prime factors of m.
2, 5, 67
Let k be (-2)/18 + (-536434)/(-549). Let r = 395 + k. List the prime factors of r.
2, 7
Let o = -72748 - -114242. What are the prime factors of o?
2, 20747
Let q(k) = -258*k - 326. What are the prime factors of q(-28)?
2, 3449
Let f(m) = 31*m**2 + 373*m - 164. List the prime factors of f(45).
2, 23, 863
Let c be (-8)/(-10) - 160/(-50). Suppose -5*f - v = -c*v - 10, -3*f - 3*v = -30. Suppose -f*u + 10*u = 365. List the prime factors of u.
73
Suppose -1006356 = -9*c - 42*c + 25*c. List the prime factors of c.
2, 3, 6451
Suppose -3 + 3 = -42*z. Suppose 2*k + 30*k - 46144 = z. List the prime factors of k.
2, 7, 103
Let d = 25 + -29. What are the prime factors of d + 2*(2 - (-1865)/10)?
373
Let j be (-2*1/(-4))/((-1)/(-6)). Suppose 3*f + j*f = -f. Suppose 3*y = -f*y - 4*k + 133, -k = 2*y - 97. What are the prime factors of y?
3, 17
Suppose -4*m + 5*c = -1256, -c = -2*c. Suppose -4 - m = 6*a. Let j = -12 - a. What are the prime factors of j?
41
Let g = 288 + -315. What are the prime factors of -3*3396/g*(-12)/(-8)?
2, 283
Let p(c) be the first derivative of -c**4 - c**3 + 15*c**2/2 - 5*c + 3. Let b be p(-5). Let n = b - 190. List the prime factors of n.
5, 31
Let w(d) = -3*d**2 + 4*d + 16. Suppose -q - 12 = -5. Let y be w(q). Let a = y + 247. List the prime factors of a.
2, 11
Let s be (-15)/(7/(196/(-12))). Let a = s + 25. Suppose a = 4*x + 4*u, 4*x - 2*u = 34 + 44. What are the prime factors of x?
2, 3
Suppose -4*f - 17 = -4*w - 5, 2*w = -4*f - 6. Let q be (-1)/f + (-10)/20. Suppose -v = -q*v - 167. List the prime factors of v.
167
Let j = 30693 - 4564. What are the prime factors of j?
17, 29, 53
Let d be 432 - (-4 - (-2 + 4/4)). Let u = -180 + d. Let q = 359 - u. List the prime factors of q.
2, 13
Let i = 191 + -174. Let s(g) = 25 - 10*g - 18*g**2 - 4*g**3 + 27*g - g**3 + 6*g**3. List the prime factors of s(i).
5
Let m(c) = -c**3 - 15*c**2 + 14*c + 33. Let h be (-10)/(-7)*(-15 - -1). What are the prime factors of m(h)?
1753
Suppose k + v + 1896 = 4*k, 2538 = 4*k + 2*v. Let d = k - 308. What are the prime factors of d?
5, 13
Let t = 18293 - 4991. List the prime factors of t.
2, 3, 739
Suppose 29608 - 5482 = 27*u - 13917. What are the prime factors of u?
1409
Let o = -32525 - -56595. What are the prime factors of o?
2, 5, 29, 83
Let s(v) = -227*v + 156. Let z be s(-22). Suppose -4*k + 1002 + z = 0. What are the prime factors of k?
2, 769
Let q(s) = -2*s**2 + 11*s - 85. Let n be q(20). Let b = n + 1360. What are the prime factors of b?
5, 139
Let c = 4 + -2. Suppose -5*x + 10*x + u = 1350, c*u + 823 = 3*x. What are the prime factors of x?
271
What are the prime factors of (-36)/6 - 3 - (-5 + -26893)?
3, 8963
Let j(y) = -y**3 - 16*y**2 + 42*y + 39. Let b be j(-19). Suppose -2*g + 98 = -2*o, -5*o = -4*g + 177 + 17. Suppose -g = -5*r + b. List the prime factors of r.
3, 5
Suppose y + 5*z - 2584 = 2313, -4*z = 4*y - 19588. What are the prime factors of y?
59, 83
Let o(c) be the second derivative of -c**5/20 + 17*c**3/6 - 9*c**2 - c - 42. What are the prime factors of o(-9)?
2, 3, 31
Let h(p) = -3*p**2 + 18*p - 16. Let w be h(9). Let m = -37 - w. What are the prime factors of (29/(-2))/((-10)/m)?
3, 29
Let t = -19 + 40. Suppose 7*n - t*n + 28 = 0. List the prime factors of ((n/1)/1 - -126) + -3.
5
Let w = 384 - 426. List the prime factors of (-3 - 0) + w + 312.
3, 89
Suppose -12*p = -17*p + 305. Let d = p + -57. Suppose 5*q - 274 = 2*h + 300, 3*h = d*q - 462. List the prime factors of q.
2, 3, 19
Let i(d) = -3*d**3 - 7*d**2 + 4*d + 12. Let l(m) = -174*m - m**3 + 2 + 175*m - 1 + 0*m**3. Let h be l(2). List the prime factors of i(h).
2, 3
Suppose 33*y + 527540 = 98*y. What are the prime factors of y?
2, 2029
What are the prime factors of (-46)/(-23)*(12/4 + -1) + 11841?
5, 23, 103
Let r(f) = -11*f + 4*f + 40 - 48 - f**2. Let n be r(-4). Suppose 2*a = -n*c - a + 385, -395 = -4*c - a. List the prime factors of c.
2, 5
Let s(n) = -n**3 + 3*n**2 - n. Let c(q) = -q**3 + 16*q**2 - 8*q - 3. Let d(u) = c(u) - 2*s(u). Let p = 26 + -36. What are the prime factors of d(p)?
3, 19
Let f(i) be the third derivative of 19*i**2 + 0 + 16/3*i**3 + 1/30*i**5 + 0*i + 7/8*i**4. What are the prime factors of f(-13)?
97
List the prime factors of ((-232)/6)/(7*(-28)/180957).
29, 1231
List the prime factors of 8*((-4502)/(-8) - 5).
2, 23, 97
Let g(d) = d + 20. Let f be ((-42)/105)/(1*(-2)/(-60)). List the prime factors of g(f).
2
Let c be -1 + 3 - ((-12)/(-4) - -1). Let j be (-4 - -8)/(0 - 1). List the prime factors of (-2)/c*4 - j.
2
Suppose q + 2563 - 5474 - 7616 = 0. What are the prime factors of q?
3, 11, 29
Let z(f) = -9442*f**3 + 9*f**2 - f - 2. What are the prime factors of z(-1)?
2, 3, 5, 7
Let l = -918 + 3182. List the prime factors of l.
2, 283
Let g be -1 + 2 + (-13)/((-13)/354). Suppose -2*p - g = 3*p. Let l = p - -195. What are the prime factors of l?
2, 31
What are the prime factors of (-2)/(-6) - ((4 - 174482/21) + -1)?
2, 4153
Suppose 0 = 14*p - 66 - 60. Let u(n) = 48*n - 106. List the prime factors of u(p).
2, 163
Let c = 565 + -555. Suppose -15*p + c*p - 3*t + 1125 = 0, -2*p + 439 = -t. What are 